at is the tens digit of c(-6)?
2
Let l(m) = -m**2 - 5*m - 2. Let w be l(-4). Suppose k - 4*a = -7, -6*k + 3*a - 2 = -w*k. What is the units digit of k?
1
Suppose -4*c - 5 = -21. Suppose t - 31 = -4*q + 14, c*t - 10 = q. What is the units digit of q?
0
Let i(t) = 35*t**2 - 19. What is the units digit of i(-3)?
6
Suppose 2*t + 0 = -6. Let u be (t - -2)*(-35 - 1). What is the tens digit of 405/u + (-1)/4?
1
Suppose 49 = -2*l - 2*w + 181, -5*l + 4*w + 339 = 0. What is the tens digit of l?
6
What is the units digit of (-4608)/112*(-21)/2?
2
Suppose 4*y = -2*z - 24, -3*z - 20 = -0*z + 2*y. Let g = 21 + -19. What is the units digit of 1/g*-4 - z?
2
Let b(i) = -i**2 - 6*i + 5. Suppose 0*v = -3*v - 21. Let t be b(v). What is the units digit of t + 1 + 2 - -7?
8
Let c(d) = d + 34. What is the tens digit of c(0)?
3
Let p be (-2)/(-6) + (-69)/(-9). Suppose 0*q - 5*a = 5*q + 55, 5*a = q - 19. Let d = p + q. What is the units digit of d?
2
Suppose 4*p - 3*p = -2. Let m be 1/(((-2)/5)/p). Suppose -3*l + 22 = -m. What is the units digit of l?
9
Let c = 12 - 2. Let z = 5 + 10. What is the units digit of c/z - 32/(-6)?
6
What is the tens digit of (-14 - -18)*8*1?
3
Let k = 47 - 25. Suppose 2*n - k = -0*n - s, -5*n = 4*s - 52. What is the tens digit of n?
1
Let g = 3 + -8. Let h = 21 - 11. Let y = g + h. What is the units digit of y?
5
Let h = 7 - 4. Suppose -4*w + h*c - 25 + 130 = 0, 5*w + 3*c - 138 = 0. What is the units digit of w?
7
Suppose -q - 4*r - 6 = 0, 0*r - r - 54 = -5*q. What is the units digit of q?
0
Let p(r) = -r**3 - 5*r**2 + 7*r - 4. Let v be p(-6). Let j = v - -19. What is the units digit of j?
9
Let d = 0 - -30. What is the tens digit of d?
3
Let s(a) = a**2 + a. Let p(n) = -n**2 - 6*n + 2. Let f be 0 + 0 - (1 - 0). Let y(u) = f*p(u) - 2*s(u). What is the units digit of y(3)?
1
Let a(n) = n**2 - 3*n + 4. Let l(r) = r**3 - 9*r**2 + 8*r + 2. Let p be l(8). Suppose -p*b = -0*b - 6. What is the units digit of a(b)?
4
Let n(b) = -26*b + 6. What is the tens digit of n(-4)?
1
Let r be (-1)/((-3)/36*-3). What is the units digit of (-3)/2*(r - 0)?
6
Let t(z) = -2*z + 3. Let p be t(-4). Let k be ((-3)/(-2))/(15/20). Suppose p = -b + k*b. What is the units digit of b?
1
Let r = 203 + -111. What is the units digit of r?
2
What is the units digit of (-6)/(-27) + ((-2188)/18)/(-2)?
1
Let t be 0 - -1*(-4)/2. What is the tens digit of t - (0 - (0 - -21))?
1
Let k(o) = -o**2 - 10*o - 11. Let t be k(-9). Let l be (1/t)/((-1)/(-12)). What is the units digit of ((-9)/l)/((-6)/(-4))?
1
Suppose -2*g = 2, -3*g - 5 = 4*f - 5*f. Suppose 5*c = x - 9, 5*x + 3 = f*c - c. What is the tens digit of ((-4)/(-8))/(x/(-30))?
1
What is the units digit of ((-20)/7)/((-1)/7)?
0
Let y = 8 - 12. Let u(i) = -i + 3. Let q be u(-3). What is the units digit of (-8 + 2)*q/y?
9
Let i = -24 - -1. Let r = i + 45. What is the units digit of r?
2
Let h be (4/12)/((-1)/(-15)). Suppose 0*b + b + 4*s = 22, -4*b + 33 = h*s. Suppose -b - 4 = -2*w. What is the units digit of w?
3
Suppose -3*g - 5*v + 33 = -12, 4*v - 75 = -5*g. Let f be g*(-2)/4*4. What is the tens digit of 3/(-6)*(f + 4)?
1
Let k = 59 + -48. What is the tens digit of k?
1
Let u(o) = o + 18. Suppose 2*d = 3*b - 9 - 0, 2*d + 3 = b. What is the units digit of u(d)?
8
Let z(o) = -4*o**2 - 4 + 5 + 8*o**2 - o. Suppose 0 = -12*p + 15*p + 6. What is the tens digit of z(p)?
1
Suppose 18 = 5*q - 4*s - 90, -87 = -4*q + 3*s. Let y = -7 + q. What is the units digit of y?
7
Suppose 3*p = -i + 2*i + 424, -3*i = p - 158. What is the units digit of p?
3
Suppose -63 = -2*o - 19. Suppose l + l = o. What is the tens digit of l?
1
Suppose -3*h + 136 = h. What is the units digit of h?
4
Let t(j) = 48*j**2 + j - 4. What is the hundreds digit of t(2)?
1
Let b(a) = -a**2 - 5*a + 6. Let s = 18 + -21. What is the tens digit of b(s)?
1
Suppose 0 = 5*t + b - 338, 0*t - 2*t - b + 137 = 0. What is the units digit of t?
7
Suppose 0*n = 5*n - 15. Suppose -14 = -o + z + 5, -n*o + 37 = 2*z. What is the units digit of o?
5
Suppose p - 51 = -2*r, 3*r - p - 75 = -2*p. Suppose -f + 19 = -5*w - r, -5*w = f + 7. What is the tens digit of f?
1
What is the units digit of 7364/112 + 6/(-8)?
5
Suppose 0 = 4*k + 31 - 87. Suppose -g - k = -2*i, 2*g - 16 = 3*i - 36. What is the units digit of i?
8
Let i = 5 - 13. Let y(v) = 3*v + 2*v**2 + 10 + 5*v - v**2. What is the tens digit of y(i)?
1
Let l(b) = -136*b + 1. What is the tens digit of l(-1)?
3
Suppose -2*t = 2*t - 212. What is the units digit of t?
3
Let f(g) = -2*g**2 + 8*g. Let i be f(7). Let k be 1/(i/22 + 2). Let c = -5 + k. What is the units digit of c?
6
Let u(x) = x**3 + 3*x**2 - 5*x + 1. Let o be u(-4). Suppose -z + h + o = 0, -2*h - 13 + 3 = -z. Suppose z*s = -s + 8. What is the units digit of s?
8
Let a be -2 + 1 - (0 + 1). Let k be a/(-2) - (3 + -2). Suppose -5*x + 5 = -k. What is the units digit of x?
1
Let b = -8 - -1. Let c(f) = f**2 + 5*f + 8. Let k(a) = 4*a**2 + 19*a + 32. Let r(u) = 9*c(u) - 2*k(u). What is the units digit of r(b)?
8
Suppose 7*m - 3085 = -1146. What is the tens digit of m?
7
Let s(g) = -2*g**3 - 4*g**2 + 6*g + 1. Let m be s(-4). Suppose -5*b + 3*u + 245 = 0, 0*b + b + u = m. What is the units digit of b?
6
Suppose 9 + 3 = 3*x. Let t = -4 - -9. Suppose x*g + 2*i - 22 = 0, -t*g - 2*i + 0*i = -28. What is the units digit of g?
6
Suppose 2*m + m + 6 = 0. Let h(i) = i**3 + 2*i**2 + 2. Let j be h(m). Suppose 0 = -5*a + j*u + 2*u + 55, -3*a - 4 = 5*u. What is the units digit of a?
7
Let f be 1/2 + (-15)/10. What is the units digit of f/3*3*-21?
1
Suppose -l - 3*z + 40 = 0, 0 = -5*l + 3*z - 4*z + 172. What is the units digit of l?
4
Let h = 77 + -41. Suppose 3*p - 3*b - 7 = p, p + 5*b - h = 0. What is the tens digit of p?
1
Let b = -18 - -24. What is the units digit of b?
6
Let y be -1 + (3 - (-3)/1). Suppose y*x - 7 + 22 = 0. What is the units digit of (-46)/x - 3/9?
5
Suppose -134 = -5*x + q, 3*q - 7*q = 3*x - 85. What is the tens digit of x?
2
Suppose 42 = 2*c + 12. Suppose -4*m + c = 3. What is the units digit of m?
3
What is the tens digit of 4/22 + 2080/55?
3
What is the units digit of 3 + 205/(-65) - 3360/(-39)?
6
Let t(r) = 2*r - 2. Let n be t(3). Let u(w) = -w - 2. Let g be u(-5). Let y = n + g. What is the units digit of y?
7
Let q(o) be the second derivative of 0 - 1/2*o**3 - 6*o**2 - o. What is the units digit of q(-9)?
5
Suppose -4*u + 5*y + 11 = -3*u, -3*u + 4*y = -22. What is the units digit of 42/(-12)*u*-1?
1
Let a(i) = i**2 - 10*i + 9. Let z(g) = -g**2 + 7*g + 7. Let w be z(7). Let f be a(w). What is the units digit of (-76)/f + 2/3?
7
Suppose -22 = -3*b + 5*b. Let x(t) = 0*t + 3*t - 2*t + 15. What is the units digit of x(b)?
4
Suppose 2*v = -a + 3*v + 30, 4*a - 2*v = 110. What is the tens digit of a?
2
Suppose 2*d = -2*d + 40. What is the tens digit of d?
1
Let y(i) be the first derivative of i**4/4 - i**3 + 5*i**2/2 - 2*i + 4. What is the units digit of y(3)?
3
Let j(u) = u + 5. Suppose -4*h + 4*z = 28, -4*z + 8 + 4 = 0. What is the units digit of j(h)?
1
Suppose -154 = -8*a + a. What is the units digit of a?
2
Let l(g) be the third derivative of -g**4/24 + g**3 - 3*g**2. Let b be l(6). Suppose b = -4*n - 13 + 61. What is the units digit of n?
2
Let w be 5/20 + (-156)/(-16). Suppose 0 = -14*n + 12*n + w. What is the units digit of n?
5
Suppose -4*d = 9 - 25. What is the units digit of d?
4
Suppose -709 - 179 = -8*q. What is the units digit of q?
1
Suppose -t + 4*t - 9 = 0. Let z(m) be the second derivative of m**3/3 - m**2 + m. What is the units digit of z(t)?
4
Let c(h) = h + 12. Let m be c(-9). Suppose 0 = m*q - 12 - 6. Suppose 3*d - d - q = 0. What is the units digit of d?
3
Let i be (6/(-4) + 2)*38. Suppose 0 = -5*h + 5*n + 25, i = 2*h + h - 4*n. What is the units digit of h?
1
Let x = -4 + 10. Suppose x*l = z + 3*l - 8, 2*l = z - 9. What is the units digit of z?
1
Let k be ((-14)/35)/((-2)/(-10)). Let v(d) = d**2 + 3*d + 3. Let a be v(k). Suppose 4*s = 3 + a. What is the units digit of s?
1
Suppose 3*t - 2*k - 41 = 0, -2*t + t = 3*k - 10. What is the tens digit of t?
1
Suppose -g = -4*g + 6. What is the tens digit of g + (-4 - (1 + -61))?
5
Let u = -6 - -2. Let v be (6/9)/(u/(-18)). Suppose -v*g = -8*g + 35. What is the units digit of g?
7
Suppose f - 1 = 1. Suppose 2*y 